?
False
Is 163811 a composite number?
False
Is 137183 a prime number?
True
Is 194113 a prime number?
True
Is 79939 prime?
True
Is 52645 a composite number?
True
Is 58309 a composite number?
False
Is 91079 composite?
False
Is 44579 composite?
False
Is 26459 composite?
False
Is 81061 prime?
False
Is 2819 a prime number?
True
Is 1114327 composite?
True
Is 900083 a composite number?
True
Is 27309 composite?
True
Is 16637 composite?
True
Is 33431 a composite number?
True
Is 460771 composite?
False
Is 11879 a prime number?
False
Is 72421 prime?
True
Is 29717 a composite number?
False
Is 322495 prime?
False
Is 3811 composite?
True
Is 58343 a prime number?
False
Is 65609 prime?
True
Is 2253 a composite number?
True
Is 1471 a prime number?
True
Is 4291 composite?
True
Is 942749 composite?
False
Is 11273 prime?
True
Is 5519 composite?
False
Is 487777 prime?
False
Is 35759 prime?
True
Is 2729 a prime number?
True
Is 172151 a composite number?
True
Is 676879 composite?
True
Is 67173 a prime number?
False
Is 2879 a prime number?
True
Is 190331 a composite number?
False
Is 8999 composite?
False
Is 163369 composite?
True
Is 1009 a composite number?
False
Is 26227 composite?
False
Is 2633 composite?
False
Is 1714403 a composite number?
False
Is 46923 prime?
False
Is 5017 prime?
False
Is 448869 a prime number?
False
Is 7894 a composite number?
True
Is 3013997 composite?
True
Is 105667 a prime number?
True
Is 9287 a composite number?
True
Is 434273 prime?
False
Is 58937 prime?
True
Is 1173347 composite?
True
Is 143305 a prime number?
False
Is 2842871 a composite number?
False
Is 6691 a prime number?
True
Is 3361781 a composite number?
False
Is 694693 a prime number?
False
Is 173933 prime?
True
Is 15545 composite?
True
Is 99643 a composite number?
False
Is 139798 a composite number?
True
Is 455743 composite?
True
Is 70667 prime?
True
Is 27733 prime?
True
Is 249583 a composite number?
False
Is 425779 a prime number?
True
Is 20969 a composite number?
True
Is 18698 composite?
True
Is 33979 a composite number?
True
Is 53987 a composite number?
False
Is 20201 prime?
True
Is 431 a composite number?
False
Is 172901 composite?
True
Is 41719 prime?
True
Is 6087073 composite?
False
Is 2762819 a prime number?
True
Is 454709 a composite number?
False
Is 331102 a prime number?
False
Is 3713 a composite number?
True
Is 86341 prime?
True
Is 2829737 a prime number?
True
Is 78607 prime?
True
Is 1189599 composite?
True
Is 592643 a composite number?
False
Is 5374 a composite number?
True
Is 1141219 a prime number?
True
Is 9057 a composite number?
True
Is 26651 prime?
False
Is 19163 composite?
False
Is 1082 a prime number?
False
Is 8879 a composite number?
True
Is 42467 a composite number?
False
Is 5981 a composite number?
False
Is 2291 prime?
False
Is 541 prime?
True
Is 18151 prime?
False
Is 682439 composite?
False
Is 18839 a prime number?
True
Is 114451 a composite number?
False
Is 17197 a prime number?
False
Is 15019 a composite number?
True
Is 65833 a prime number?
False
Is 842609 composite?
True
Is 18119 composite?
False
Is 707853 composite?
True
Is 46955 composite?
True
Is 53591 a composite number?
False
Is 61571 prime?
False
Is 6289 a composite number?
True
Is 102151 prime?
False
Is 169399 prime?
True
Is 1973 a prime number?
True
Is 24281 prime?
True
Is 151627 a prime number?
False
Is 1554073 a prime number?
True
Is 71459 a prime number?
False
Is 254411 a prime number?
False
Is 94519 a prime number?
False
Is 6163 prime?
True
Is 317219 composite?
True
Is 329 a composite number?
True
Is 178019 prime?
False
Is 31957 prime?
True
Is 454289 prime?
False
Is 454663 composite?
True
Is 488453 a composite number?
True
Is 38989 a prime number?
False
Is 25867 composite?
False
Is 58103 a composite number?
True
Is 141059 a prime number?
False
Is 33119 composite?
False
Is 692689 a prime number?
True
Is 9253 composite?
True
Is 851635 composite?
True
Is 99277 a composite number?
False
Is 47189 a composite number?
False
Is 35833 prime?
False
Is 19661 a prime number?
True
Is 42271 a composite number?
True
Is 3736609 composite?
False
Is 79687 a composite number?
False
Is 146917 prime?
True
Is 38939 composite?
True
Is 34027 a composite number?
True
Is 257973 prime?
False
Is 4409 prime?
True
Is 30239 composite?
True
Is 22051 a prime number?
True
Is 112997 prime?
True
Is 6835 a prime number?
False
Is 97111 a prime number?
False
Is 16143 a composite number?
True
Is 17998 a prime number?
False
Is 14143 composite?
False
Is 21247 composite?
False
Is 5723 prime?
False
Is 43417 composite?
True
Is 907 composite?
False
Is 183607 composite?
True
Is 8069 a prime number?
True
Is 1303 a prime number?
True
Is 17065 prime?
False
Is 249411 prime?
False
Is 20969 a prime number?
False
Is 51449 a composite number?
False
Is 827093 prime?
False
Is 22403 a prime number?
False
Is 12793 a prime number?
False
Is 105011 a prime number?
False
Is 40094 a prime number?
False
Is 8927 prime?
False
Is 148489 a composite number?
True
Is 2503 prime?
True
Is 48367 prime?
False
Is 10031 prime?
False
Is 95857 prime?
True
Is 110771 prime?
True
Is 2447 prime?
True
Is 199657 a prime number?
True
Is 1322551 composite?
True
Is 1913 composite?
False
Is 9229 composite?
True
Is 75311 a composite number?
True
Is 69821 prime?
True
Is 43933 a prime number?
True
Is 110217 a composite number?
True
Is 5191 a composite number?
True
Is 269461 a composite number?
False
Is 19667 prime?
False
Is 26089 composite?
True
Is 451947 a composite number?
True
Is 4721 prime?
True
Is 126307 a prime number?
True
Is 306431 prime?
True
Is 1100377 prime?
True
Is 20639 composite?
False
Is 43667 composite?
True
Is 335089 prime?
True
Is 5167 composite?
False
Is 32989 prime?
False
Is 5813 a composite number?
False
Is 36029 a composite number?
True
Is 28039 a prime number?
False
Is 181499 prime?
True
Is 165341 a composite number?
True
Is 381943 a prime number?
True
Is 2188049 a prime number?
True
Is 54389 prime?
False
Is 153871 a prime number?
True
Is 661783 a prime number?
False
Is 97793 a composite number?
True
Is 3011 composite?
False
Is 460879 prime?
False
Is 7235 composite?
True
Is 13643 prime?
False
Is 20611 composite?
False
Is 206434 composite?
True
Is 201809 a composite number?
False
Is 113621 composite?
False
Is 4057 a composite number?
False
Is 1743123 composite?
True
Is 1579163 a prime number?
True
Is 807 a prime number?
False
Is 14671 composite?
True
Is 15837 composite?
True
Is 19801 prime?
True
Is 11333 a composite number?
True
Is 260647 composite?
False
Is 22901 prime?
True
Is 1611131 a composite number?
False
Is 7151 prime?
True
Is 1007341 a composite number?
True
Is 1286 a prime number?
False
Is 15997 a prime number?
False
Is 926821 a composite number?
True
Is 2263 a prime number?
False
Is 1709 a prime number?
True
Is 87937 a composite number?
True
Is 2411 a composite number?
False
Is 165641 composite?
True
Is 77767 composite?
True
Is 565483 a prime number?
True
Is 2595559 composite?
False
Is 238463 a composite number?
False
Is 1580737 composite?
False
Is 23011 prime?
True
Is 390503 prime?
True
Is 4609 a composite number?
True
Is 100591 composite?
False
Is 490697 composite?
False
Is 90065 composite?
True
Is 7039 a prime number?
True
Is 19733 composite?
True
Is 196073 a composite number?
False
Is 570833 prime?
False
Is 5550917 a composite number?
False
Is 3014107 a prime number?
True
Is 10367 prime?
False
Is 12723 composite?
True
Is 4874 a prime number?
False
Is 132347 a composite number?
False
Is 1027969 a prime number?
True
Is 1689 composite?
True
Is 97771 prime?
True
Is 115279 prime?
True
Is 273993 prime?
False
Is 23651 prime?
False
Is 11623 a composite number?
True
Is 10223 a prime number?
True
Is 95539 a prime number?
True
Is 198507 a composite number?
True
Is 1119877 a composite number?
True
Is 118957 a prime number?
False
Is 68261 composite?
False
Is 348239 prime?
True
Is 5519 composite?
False
Is 40081 a prime number?
False
Is 56939 composite?
True
Is 44071 composite?
False
Is 334639 composite?
True
Is 1502297 prime?
True
Is 46993 a composite number?
False
Is 4226305 composite?
True
Is 12263 a prime number?
True
Is 38953 composite?
False
Is 294137 composite?
True
Is 933349 a prime number?
True
Is 1137 a prime number?
False
Is 498631 composite?
